- 5*j + 19, 3*n - 2*j - 86 = 0. Is 3 a factor of n?
True
Is 8 a factor of (-5 - -1) + (-11 - -70)?
False
Let m(n) = -n + 5. Let w be (-3 - (-6 - -3))*-1. Let d be m(w). Does 26 divide d/30 - (-370)/12?
False
Let q be 2/3 - 2/(-6). Suppose 3*n - 14 = y, 3*n + q = -3*y + y. Let h = 5 + n. Does 3 divide h?
False
Suppose f - 5*h = 168, -235 = -f + 2*h - 70. Is f a multiple of 14?
False
Suppose 0 = -2*i - 2*i - 8. Let f be 1/(-2) + (-7)/i. Is 13 a factor of ((-7)/f)/((-1)/12)?
False
Suppose 23 = i + 1. Does 6 divide i?
False
Let f(c) = 55 - 2*c + 0*c + 4*c. Is f(0) a multiple of 19?
False
Let l be ((3 + -2)*5)/1. Suppose 83 = 2*y - l*z, -4*y + 3*z = -z - 160. Is 13 a factor of y?
True
Suppose 2*q + 14 = 4*q. Suppose -2*r + 19 + q = 0. Suppose -3*t - r = x - 104, 5*x - 103 = -4*t. Does 16 divide t?
True
Let t(k) = k**3 - 4*k**2 - 5*k + 2. Let n be t(5). Suppose u + x - 7 = 0, n*u + 0*x = -5*x + 17. Is u a multiple of 3?
True
Let r(m) = m**2 + 5*m - 5. Let y be r(-6). Let j be (-14)/21*(y - 4). Suppose -94 = j*u - 4*u. Does 20 divide u?
False
Let j = -34 - -78. Suppose 2*o + 2*f = o + 41, -o - 3*f + j = 0. Is 13 a factor of o?
False
Let q(a) = a**2 + 3*a - 12. Is q(-6) a multiple of 3?
True
Let j(p) = p**2 + 7*p + 5. Let r be j(-5). Let i = r + 5. Let v(b) = -b + 12. Does 12 divide v(i)?
True
Let q = -1 - -1. Suppose -2*v - 8 + 26 = q. Is v a multiple of 5?
False
Let r = -3 - -1. Let z(j) be the second derivative of -j**5/20 + j**4/6 + j**3/2 + j**2/2 - j. Is 4 a factor of z(r)?
False
Suppose 2*t - 90 = -3*t. Is 18 a factor of t?
True
Suppose 4*n - 2*t + 64 = 0, 2*n + 0*t + 3*t + 24 = 0. Let i = -4 - n. Is i a multiple of 10?
False
Let q be ((-112)/(-4) + 1)/1. Let j = q + 55. Is j a multiple of 22?
False
Suppose -4*m - 5*a = -159, 4*m + a - 162 = -a. Does 4 divide m?
False
Let f(z) = 2*z**2 - 6*z - 9. Does 9 divide f(6)?
True
Let d = 138 - 97. Is 23 a factor of d?
False
Let y = -1 + 3. Suppose b - y*b + 56 = 0. Is 20 a factor of b?
False
Let y be (3 - 0)*(-4)/(-6). Let x(o) = 5*o - 1. Let b be x(7). Suppose -2*n + 0*n - r = -19, 0 = 5*n - y*r - b. Is n a multiple of 3?
False
Let f(y) = -y**3 + 7*y**2 - 6*y - 6. Let g be f(6). Is 14 a factor of 1/(-2) + (-177)/g?
False
Let t(i) = 4*i + 2. Does 10 divide t(2)?
True
Let t be (-1 + 2)/(1/3). Suppose -349 = -3*i - a, -4*i - 591 = -9*i + 3*a. Suppose 3*h - q - i = -h, t*h = 4*q + 91. Is h a multiple of 13?
False
Let x(q) = -q**2 - 7*q. Let n be x(-7). Suppose 4*k = 3*k - 5. Let v = n - k. Is v a multiple of 5?
True
Let g = -20 - -35. Is (g/9)/((-2)/(-12)) a multiple of 4?
False
Suppose -39*d = -44*d + 560. Is d a multiple of 14?
True
Let r(b) be the first derivative of -b**3/3 + 4*b**2 + 9*b + 5. Is r(7) a multiple of 4?
True
Suppose 4*d = -2*n, -5*d + 4*d = -n. Let b = 30 + n. Suppose 2*w + 4*h = b, 2*w = -2*w + h + 51. Is 12 a factor of w?
False
Let f = 0 - -3. Suppose -4*b = -9 - f. Suppose b*o = 8*o - 70. Does 8 divide o?
False
Let u(j) = 2*j - 2. Let s be u(-2). Let k(y) = -y**3 - 5*y**2 - 2*y + 3. Let v be k(s). Let f = -31 + v. Does 18 divide f?
False
Suppose 0 = 5*y + 25, -5*y - 9 = q - 3*y. Let r(p) = 0 - q + 0*p**2 - 1 + p**2. Is r(2) a multiple of 2?
True
Suppose 7*i = -4*z + 2*i + 9, z - 4*i = 18. Is z a multiple of 3?
True
Let u be 2/4 + (-14)/(-4). Let s be u*(5/2 + -2). Suppose -a = s*t - 17, -4*t + t + 2*a = -15. Is 3 a factor of t?
False
Suppose -3*v = 2*v. Suppose v = 2*y + b - 14, y + 3*b = -b + 7. Is y a multiple of 3?
False
Let w be ((-4)/(-6))/((-4)/(-168)). Let f be 1520/w - (-2)/(-7). Suppose 2*p = -0*p + f. Is p a multiple of 19?
False
Let i be (8/(-5))/((-2)/5). Suppose 5*q = y + 26, -1 = -q + i. Is (0 - 1)/(y/4) a multiple of 4?
True
Suppose -4*s + 18 = 2*s. Is 3 a factor of s?
True
Let f = 30 + 26. Suppose -f = -2*n - 5*z + 9, 4*n + z - 121 = 0. Does 15 divide n?
True
Suppose a + 3 = -17. Is 11 a factor of (-3 + (-192)/a)*5?
True
Let j = 2 + 5. Suppose -4*c + j = -5. Suppose g + 56 = c*g. Is g a multiple of 14?
True
Is 7 a factor of (224/(-48))/(2/(-3))?
True
Let a(k) be the first derivative of -3*k**4/4 - k**3/3 + k**2 - 1. Let b be a(-3). Suppose -5*m = -94 - b. Is m a multiple of 14?
False
Let j(h) = 20*h**2 + 4*h + 3. Is 25 a factor of j(-2)?
True
Let u = 10 + 55. Let p = u - 38. Let o = -17 + p. Is o a multiple of 5?
True
Suppose -59*u + 61*u = 404. Does 8 divide u?
False
Suppose 2*q - 6 = -q. Let m be (q/3)/((-5)/45). Is ((-4)/m)/((-6)/(-99)) a multiple of 5?
False
Let c(s) = -s**3 - 6*s**2 + 10*s - 3. Let d be c(-8). Let v = 7 - d. Let x = 70 + v. Is x a multiple of 16?
True
Is 23 a factor of 16/(-6)*138/(-4)?
True
Is 12 a factor of (-508)/(-6) + 11/(-3) + 3?
True
Let u(y) be the third derivative of -y**5/60 - 7*y**4/24 - y**3/3 - 4*y**2. Let i be u(-6). Let w = i - -2. Is w a multiple of 3?
True
Suppose 0*p = -5*p + 500. Suppose -10 = -3*x - 4. Suppose -3*l + 0*l + 139 = 4*g, 3*g - p = x*l. Is g a multiple of 19?
False
Suppose n + 17 = -5*h, 2 = -2*h + n + n. Let p be 35 + 0/h + -3. Suppose l + 14 = p. Is l a multiple of 10?
False
Let q = -33 - -82. Is q a multiple of 8?
False
Suppose -5*t - 4*j + 24 = 0, -3 = -3*j - 0. Let w be 1 + 150 - t/4. Suppose w = m + 4*m. Is m a multiple of 13?
False
Let l = 104 + -58. Is 10 a factor of l?
False
Does 16 divide (8/6)/((-5)/(-360))?
True
Let v be 4 + (-5)/(10/4). Suppose 7 = l + v. Is l a multiple of 3?
False
Let u be -2 + 4 - 0 - -1. Suppose 0 = -h - 2*z + 146, h + 3*z = -0*z + 147. Is (2/3)/(u/h) a multiple of 16?
True
Suppose -321 = 4*y - 1061. Suppose -4*f - 5 = -y. Is f a multiple of 15?
True
Suppose -q + c + 8 = 1, 20 = -4*c. Suppose 0*a + 20 = 4*a. Suppose -a*b + 50 = 5*n, -4*b + q*n - 4*n = -44. Is b a multiple of 6?
True
Let c = 108 - 61. Suppose -4*j - 5*l = -8*j + c, 5*l = -15. Is 8 a factor of j?
True
Let w = -33 + 51. Is 9 a factor of w?
True
Is (-18)/27*(-93)/2 a multiple of 8?
False
Let f(a) be the second derivative of a**3/3 - a**2/2 + 3*a. Let i be f(3). Suppose i*y - 36 - 34 = 0. Does 14 divide y?
True
Let x(w) = w**3 + 4*w**2 + 2. Is 3 a factor of x(-2)?
False
Let p(y) be the second derivative of -y**5/20 + 13*y**4/12 + 19*y**3/6 - 7*y**2 - 2*y. Is 17 a factor of p(14)?
False
Suppose 13*g = 2081 + 1117. Is g a multiple of 18?
False
Suppose 4*v - 5 + 33 = 0. Let h(k) = -5*k - 5. Does 15 divide h(v)?
True
Let v(r) = 8*r. Let o be v(6). Suppose o = m + 3*m. Is 12 a factor of m?
True
Let r = -13 - -18. Suppose 3*z = 6*z + 3*x - 96, -x + 152 = r*z. Is 15 a factor of z?
True
Let y(l) be the third derivative of l**6/120 + l**5/60 + l**4/12 + 4*l**2. Is 22 a factor of y(3)?
False
Let s(f) = -f**3 - 5*f**2 - 4*f + 5. Suppose -5*n - 8 = 12. Is s(n) a multiple of 5?
True
Suppose 40 = 4*f + d, -4*f - 3*d = 2*d - 40. Let k = -6 + f. Suppose -52 = -0*g - 3*g + 2*q, -4*g + k*q + 64 = 0. Is 10 a factor of g?
True
Suppose -k + 28 = -3*c, 0*k - 5*k = -2*c - 166. Suppose k = d - 0*d. Suppose 0 = -b - b + d. Is 8 a factor of b?
False
Let a(p) = -p**3 - 7*p**2 - 8*p + 4. Let y be (-2)/13 + (-684)/117. Is a(y) a multiple of 8?
True
Let b = -56 + 36. Let h be (45/b)/((-1)/8). Suppose 4*p - h - 4 = -2*v, 2*p + 3*v = 21. Is 2 a factor of p?
False
Suppose 2*d = 3*a + 6, 7 = 2*d + 3*a + 1. Suppose -7 - 2 = -d*m. Is 2 a factor of m?
False
Suppose -3*v = 3*r - 210, -6*v + 2*v = -2*r + 110. Suppose -3*k - 2*b = -4*b - r, k - 26 = 5*b. Is 4 a factor of k?
False
Suppose 6*f = 135 + 153. Is f a multiple of 16?
True
Let a be 2*-1 - (6 - 3). Let p(s) = s**3 + 8*s**2 + 8*s + 3. Is 19 a factor of p(a)?
True
Let x = -25 + 41. Let w = -3 + x. Is 8 a factor of w?
False
Let h = -6 - -2. Is 20 a factor of 80/h*(0 + -4)?
True
Let i(j) = 4 - 4*j + 2*j**2 - j**2 - 10. Let q(f) = f + 14. Let u be q(-8). Is 4 a factor of i(u)?
False
Let r(h) = -3*h + 7. Let d(b) = 9*b - 22. Let a(m) = 3*d(m) + 8*r(m). Is a(7) a multiple of 4?
False
Suppose -48 - 40 = -4*n. Suppose 182 = 4*k - n. Is k a multiple of 17?
True
Suppose -15 = -5*v - 0. Does 3 divide v?
True
Let i(z) = -14*z - 1. Is i(-1) a multiple of 13?
True
Does 15 divide (-2)/(-3 - (-43)/15)?
True
Suppose -b = -4*s - 12, -b - 42 = -3*b - s. Is b a multiple of 10?
True
Suppose 5*j - 55 = -s - 3*s, 2*s + 2*j = 28. Suppose 0 = t + 3 - s. Suppose t = y - 0. Is 12 a factor of y?
True
Let w(q) = 32*q + 4. Let 